289*r - 9. Let s(p) = -2*p**3 - 8*p**2 - 3*p**3 - 24 + 6*p + 4*p**3. What is the remainder when 8 is divided by s(r)?
2
Let v(a) = 587*a**2 - 88*a - 579. What is the remainder when v(-6) is divided by 14?
11
Let r = 119 + -720. Let h = r - -605. Suppose 2*s - 7 = -3. What is the remainder when h is divided by s?
0
Let h(k) = -4*k**2 - 69*k - 29. Let o(b) = -b**3 + 35*b**2 - 32*b - 83. Let y be o(34). Calculate the remainder when h(y) is divided by 28.
22
Suppose 3*u + 0 = -9, 0 = 3*s + 2*u - 423. What is the remainder when 27741 is divided by s?
142
Let n = -4 - 32. Let x = n + 64. Suppose 8515 = 116*w - 881. Calculate the remainder when w is divided by x.
25
Let h(d) = -8*d**3 - d**2. Let x be (-12 - -6)*(-1)/3. Let y be h(x). What is the remainder when (-13)/(39/y) + 1/3 is divided by 9?
5
Let r(x) = -x + 20. Let q(t) = 233*t + 451. Calculate the remainder when q(-1) is divided by r(0).
18
Let u = 861 + -852. Suppose 18*v = -u*v + 1269. What is the remainder when 156 is divided by v?
15
Let f = -1974 - -2138. What is the remainder when 298 is divided by f?
134
Let t(x) = 2992*x**3 + 4*x + 17 + 7*x**2 - 2993*x**3 + 14*x. What is the remainder when 135 is divided by t(9)?
16
Let w(r) = -r - 1. Let j be w(-6). Suppose 97*a = 28*a + 276. Suppose -5*g + j = -a*g. What is the remainder when 32 is divided by g?
2
Let q = -177 - -217. Suppose -75 = -l + 3*g, -l = 2*g + 2*g - q. What is the remainder when l is divided by 32?
28
Suppose 5*c - 878 = -2383. Let p = -140 - c. Calculate the remainder when p is divided by 18.
17
Let d = 655 - 417. Suppose d = 3*a - 6*x + x, 83 = a + 2*x. Calculate the remainder when a is divided by 31.
19
Let r = 1081 - 979. Suppose -4*g + 46 = -26. Calculate the remainder when r is divided by g.
12
Let r(a) = 20*a - 5. Suppose -8*f + 100 + 140 = 0. Calculate the remainder when r(6) is divided by f.
25
Suppose 199 = 3*h + 2*j + 36, -4*j = -5*h + 235. Suppose 0 = h*u - 42*u - 351. Let r = -21 + 31. Calculate the remainder when u is divided by r.
9
Suppose -101*w = -109*w + 288. Suppose -3*x + w = -x. What is the remainder when 393 is divided by x?
15
Let f(w) = 3*w + 29. Calculate the remainder when (-1)/3*1818/(24/(-4)) is divided by f(2).
31
Suppose 624*v - 752*v + 649373 + 1393507 = 0. Calculate the remainder when v is divided by 17.
14
Suppose -2*m - 2*v = -724, v - 1228 = 4*m - 2656. Calculate the remainder when m is divided by 131.
96
Calculate the remainder when 555/7215 - ((-25347)/(-13))/(-3) is divided by 64.
10
Suppose -2*j - 10*j + 216 = 0. Suppose 3*o - 82 = -2*b + j, o = 0. Calculate the remainder when b is divided by 38.
12
Suppose -3*m + 84 = m. Suppose 5*t = 2*n + 1933 - 1095, -t = 4*n - 128. What is the remainder when t is divided by m?
17
Let z(r) = 100*r**2 - 5*r + 17. Let k(d) = 51*d**2 - 2*d + 9. Let a(o) = -5*k(o) + 3*z(o). What is the remainder when a(2) is divided by 59?
58
Let h(k) = 3*k**3 + 79*k**2 + 34*k + 393. What is the remainder when 360 is divided by h(-26)?
175
Suppose -78 = f + 140. Let t = f - -231. Calculate the remainder when 25 is divided by t.
12
Let w(l) = 9*l**2 + 35*l + 230. Calculate the remainder when 655 is divided by w(-6).
311
Suppose 196 = 6*c - 4*c. Let r(i) = i**3 + 16*i**2 + 20*i + 8. Let n be r(-15). Let y = n + c. Calculate the remainder when 89 is divided by y.
27
Let q = 1859 - 1826. Let m(j) = -2*j - 1. Let n be m(-6). What is the remainder when q is divided by n*1 + (-2)/1?
6
Let m(g) = -g**3 - 13*g**2 - 14*g - 5. Suppose -v - x - 16 = 0, 5*x - 5 - 11 = 3*v. What is the remainder when 225 is divided by m(v)?
16
Suppose a = h + 52, -a - 3*h = -0*a - 68. Suppose -5*z = 2*g - 5 - 19, 0 = 4*z + 2*g - 12. Calculate the remainder when a is divided by z.
8
Let b = -2 - -8. Calculate the remainder when (-171)/(-19) + -7 + 71 + 2 is divided by b.
3
Suppose -17*x - 2*x + 6042 = 0. Let v(z) = 7*z**2 + 19*z + 42. What is the remainder when x is divided by v(-2)?
30
Suppose 0 = -73*b - 95*b + 10363 - 1627. What is the remainder when 467 is divided by b?
51
Let b = -262 + 214. Suppose -20 = -0*d - 4*d. What is the remainder when d is divided by 58 + b + -1 + -5?
1
Suppose 32 = 4*j - 20. Suppose -b - j*b + 602 = 0. What is the remainder when 126 is divided by b?
40
Suppose 3*n - 18 = 0, -92 = 2*v - 7*v - 7*n. What is the remainder when 1428 is divided by v?
8
Let k = 1482 + -1461. What is the remainder when 212 is divided by k?
2
Suppose 0 = -h + 9 + 1. Let i = 172429 - 172220. What is the remainder when i is divided by h?
9
Let r be 2 + -4 - (-3 + (-15)/(-3)). Let z be (-18)/12 - 18/r. Suppose 4*j + z*d = 17, 0 = 2*j + 2*d - 5*d - 31. What is the remainder when 39 is divided by j?
7
Let u(n) = -n**2 - n + 17. Let l be u(-5). Let y be (2 + l)/(1/(-15)). Suppose 14 = z - y. Calculate the remainder when z is divided by 15.
14
Let d(i) = 59 - 7 - 130*i + 122*i. What is the remainder when d(-3) is divided by 4?
0
Let u be -42*((-220)/8)/(-5). Let q = 286 + u. Calculate the remainder when 216 is divided by q.
51
Let k(b) = -b**2 - 11*b + 10. Let h be k(-6). Suppose 3*r - h = -7. Suppose -c + 63 = w, 0 = -2*c + 1 + 1. What is the remainder when w is divided by r?
7
Suppose -4*r = o - 414, 8*o - 4*o - 3*r - 1580 = 0. Suppose 9*u - 952 - o = 0. What is the remainder when u is divided by 39?
33
Let m = 40 + -54. Let s(g) = g**2 - 5*g + 1. Let o be s(6). Calculate the remainder when 78 is divided by o/(m/54)*-1.
24
Suppose -v + 5*j = -146, 3*j + 567 = v + 3*v. Calculate the remainder when 216 is divided by v.
75
Let i = 17 + -17. Suppose 3*h = -m - 310 - 262, i = m - 4. Let g = h + 297. Calculate the remainder when g is divided by 18.
15
Calculate the remainder when 25419/74 - (2/4 - 0) - 6 is divided by 83.
5
Suppose -3*y + 9 = 0, 3*f + y - 7 - 2 = 0. Suppose 0 = 5*u - 7*j + 12*j - 1295, f*u - 526 = -4*j. What is the remainder when u is divided by 33?
24
Suppose 0*f = -23*f + 368. What is the remainder when 30/315 - (-4719)/63 is divided by f?
11
Let t = -33995 - -34742. Let v(k) = 2*k + 3. What is the remainder when t is divided by v(4)?
10
Let m be 388/14 + 32/112. Suppose 3*u - 5*o - 3 = 13, -4*o + m = u. Suppose u = r + r. Calculate the remainder when r is divided by 3.
0
Let k = 16947 - 16932. Calculate the remainder when 882 is divided by k.
12
Let x be (-1)/(-2) - 238/(-4). Let g be (-2 - 5/(-2))*-10 - -11. What is the remainder when g/(-4)*(-2360)/x is divided by 16?
11
Let h(y) = 6*y**2 - 13. Let j be h(5). Suppose -20 = -k - 17. Suppose -2*n + j = 5*w, -5*w - k*n + 125 = 2*n. What is the remainder when 84 is divided by w?
26
Let s(w) = -w**3 + 83*w**2 + 6*w - 108. Calculate the remainder when s(83) is divided by 88.
38
What is the remainder when 12*-1 - (-423 + 113) is divided by 20?
18
Suppose 30 = 7*g - 6*g. What is the remainder when 130/(-4)*3/g*-28 is divided by 14?
7
Let p = 1235 + 2467. What is the remainder when p is divided by 5?
2
Let r(y) = y**3 + 18*y**2 - 89*y - 1385. What is the remainder when r(-12) is divided by 110?
107
Let u = 25991 + -25972. Calculate the remainder when 8239 is divided by u.
12
Suppose 2 + 130 = 12*v. Calculate the remainder when 57 is divided by v.
2
Let f(k) = k**2 + 143*k - 3931. Calculate the remainder when 1518 is divided by f(24).
55
Suppose 4*d - o - 5341 = 0, 12*d - 5*o = -0*o + 16025. Calculate the remainder when d is divided by 444.
3
Suppose -5*v - 13 = -2*d, -3*d = 5*v + 1 - 8. What is the remainder when (-494)/(-4) - (4/8 + v) is divided by 18?
16
Suppose 613 - 2397 = -5*l + 3*d, 3*l - 1076 = -d. What is the remainder when l is divided by 10?
8
Let i(j) = 31*j - 116. Suppose -3*t = t - 12, -5*m = 2*t - 51. What is the remainder when m is divided by i(4)?
1
Let t be 6804/18 - (0 - -3). Suppose -16*n + t = -n. Suppose -o + 100 = 6. Calculate the remainder when o is divided by n.
19
Let k = -40 - -242. Let f(b) = 1584*b - 12655. Calculate the remainder when k is divided by f(8).
15
Suppose 22*f + 163 - 383 = 0. Calculate the remainder when 171 is divided by 12/(-10)*(-12)/9*f.
11
Suppose 4*j = -4*p + 2264, -2*j + 3*p + 0*p = -1127. Let l = j + -349. Calculate the remainder when l is divided by 44.
40
Suppose 0 = 2089*p - 2144*p + 2750. Calculate the remainder when p is divided by 18.
14
Suppose 2*r = 5*t + 424, -5*r = 2*t - 261 -